{"id":271,"date":"2023-07-02T22:00:12","date_gmt":"2023-07-02T22:00:12","guid":{"rendered":"https:\/\/todoesredondo.es\/?page_id=271"},"modified":"2023-07-03T14:54:14","modified_gmt":"2023-07-03T14:54:14","slug":"prensa","status":"publish","type":"page","link":"https:\/\/todoesredondo.es\/?page_id=271","title":{"rendered":"Prensa"},"content":{"rendered":"\n<div style=\"height:100px\" aria-hidden=\"true\" class=\"wp-block-spacer\"><\/div>\n\n\n\n<div class=\"wp-block-columns is-layout-flex wp-container-core-columns-is-layout-28f84493 wp-block-columns-is-layout-flex\">\n<div class=\"wp-block-column is-layout-flow wp-block-column-is-layout-flow\">\n<figure class=\"wp-block-image aligncenter size-large is-resized\"><a href=\"https:\/\/manifiesta.org\/cinco-artistas-latinoamericanas-que-desafian-al-patriarcado-con-su-sangre-menstrual\/\"><img fetchpriority=\"high\" decoding=\"async\" src=\"https:\/\/todoesredondo.es\/wp-content\/uploads\/2023\/07\/164143033_2602293356730273_8589008155997633702_n-1024x1024.jpg\" alt=\"\" class=\"wp-image-278\" width=\"233\" height=\"233\" srcset=\"https:\/\/todoesredondo.es\/wp-content\/uploads\/2023\/07\/164143033_2602293356730273_8589008155997633702_n-1024x1024.jpg 1024w, https:\/\/todoesredondo.es\/wp-content\/uploads\/2023\/07\/164143033_2602293356730273_8589008155997633702_n-300x300.jpg 300w, https:\/\/todoesredondo.es\/wp-content\/uploads\/2023\/07\/164143033_2602293356730273_8589008155997633702_n-150x150.jpg 150w, https:\/\/todoesredondo.es\/wp-content\/uploads\/2023\/07\/164143033_2602293356730273_8589008155997633702_n-768x768.jpg 768w, https:\/\/todoesredondo.es\/wp-content\/uploads\/2023\/07\/164143033_2602293356730273_8589008155997633702_n.jpg 1080w\" sizes=\"(max-width: 233px) 100vw, 233px\" \/><\/a><\/figure>\n\n\n\n<p class=\"has-small-font-size\"><em><strong><a href=\"https:\/\/manifiesta.org\/cinco-artistas-latinoamericanas-que-desafian-al-patriarcado-con-su-sangre-menstrual\/\" target=\"_blank\" rel=\"noreferrer noopener\">Cinco artistas latinoamericanas que desaf\u00edan al patriarcado con su sangre menstrual.<\/a><\/strong><\/em><\/p>\n\n\n\n<p class=\"has-small-font-size\">Publicado en Manifiesta Media (2021)<\/p>\n\n\n\n<p><\/p>\n<\/div>\n\n\n\n<div class=\"wp-block-column is-layout-flow wp-block-column-is-layout-flow\">\n<figure class=\"wp-block-embed is-type-video is-provider-youtube wp-block-embed-youtube wp-embed-aspect-16-9 wp-has-aspect-ratio\"><div class=\"wp-block-embed__wrapper\">\nhttps:\/\/www.youtube.com\/watch?v=CQbTx_it3MQ&#038;ab_channel=SilviaRamos\n<\/div><figcaption class=\"wp-element-caption\"><em><strong>Mujeres, g\u00e9nero y demanda: Romper el tab\u00fa de la menstruaci\u00f3n a trav\u00e9s del arte.<\/strong><\/em><br><br>Live para el magazine El Mono L\u00f3pez de Ecuador. (2021)<\/figcaption><\/figure>\n<\/div>\n<\/div>\n\n\n\n<div class=\"wp-block-columns is-layout-flex wp-container-core-columns-is-layout-28f84493 wp-block-columns-is-layout-flex\">\n<div class=\"wp-block-column is-layout-flow wp-block-column-is-layout-flow\">\n<figure class=\"wp-block-image aligncenter size-large is-resized\"><img decoding=\"async\" src=\"https:\/\/todoesredondo.es\/wp-content\/uploads\/2023\/07\/241471621_252264463441643_4945816391338542231_n-1024x1024.jpg\" alt=\"\" class=\"wp-image-279\" width=\"250\" height=\"250\" srcset=\"https:\/\/todoesredondo.es\/wp-content\/uploads\/2023\/07\/241471621_252264463441643_4945816391338542231_n-1024x1024.jpg 1024w, https:\/\/todoesredondo.es\/wp-content\/uploads\/2023\/07\/241471621_252264463441643_4945816391338542231_n-300x300.jpg 300w, https:\/\/todoesredondo.es\/wp-content\/uploads\/2023\/07\/241471621_252264463441643_4945816391338542231_n-150x150.jpg 150w, https:\/\/todoesredondo.es\/wp-content\/uploads\/2023\/07\/241471621_252264463441643_4945816391338542231_n-768x768.jpg 768w, https:\/\/todoesredondo.es\/wp-content\/uploads\/2023\/07\/241471621_252264463441643_4945816391338542231_n.jpg 1080w\" sizes=\"(max-width: 250px) 100vw, 250px\" \/><\/figure>\n\n\n\n<p class=\"has-small-font-size\"><em><a href=\"https:\/\/aka000co.wixsite.com\/aka000\/post\/aka-todo-es-redondo\" target=\"_blank\" rel=\"noreferrer noopener\">AKA TODO ES REDONDO<\/a><\/em><\/p>\n\n\n\n<p class=\"has-small-font-size\">Publicado en Aka 000 (2021)<\/p>\n<\/div>\n\n\n\n<div class=\"wp-block-column is-layout-flow wp-block-column-is-layout-flow\">\n<figure class=\"wp-block-embed is-type-video is-provider-youtube wp-block-embed-youtube wp-embed-aspect-16-9 wp-has-aspect-ratio\"><div class=\"wp-block-embed__wrapper\">\n<iframe title=\"Desobediencia Arte joven 20x21 en el Museo Rayo Exposici\u00f3n Virtual #MuseoRayoVirtual\" width=\"500\" height=\"281\" src=\"https:\/\/www.youtube.com\/embed\/MHZ_jbtGzZQ?start=69&#038;feature=oembed\" frameborder=\"0\" allow=\"accelerometer; autoplay; clipboard-write; encrypted-media; gyroscope; picture-in-picture; web-share\" referrerpolicy=\"strict-origin-when-cross-origin\" allowfullscreen><\/iframe>\n<\/div><figcaption class=\"wp-element-caption\"><em><strong>Desobediencia Arte joven 20&#215;21 en el Museo Rayo\u00a0<\/strong><\/em>(2021)<\/figcaption><\/figure>\n<\/div>\n<\/div>\n","protected":false},"excerpt":{"rendered":"<p>Cinco artistas latinoamericanas que desaf\u00edan al patriarcado con su sangre menstrual. Publicado en Manifiesta Media (2021) AKA TODO ES REDONDO Publicado en Aka 000 (2021)<\/p>\n","protected":false},"author":1,"featured_media":0,"parent":0,"menu_order":3,"comment_status":"closed","ping_status":"closed","template":"","meta":{"footnotes":""},"class_list":["post-271","page","type-page","status-publish","hentry"],"yoast_head":"<!-- This site is optimized with the Yoast SEO plugin v26.5 - https:\/\/yoast.com\/wordpress\/plugins\/seo\/ -->\n<title>Prensa - \u25cc Todo es Redondo \u25cc<\/title>\n<meta name=\"robots\" content=\"index, follow, max-snippet:-1, max-image-preview:large, max-video-preview:-1\" \/>\n<link rel=\"canonical\" href=\"https:\/\/todoesredondo.es\/?page_id=271\" \/>\n<meta property=\"og:locale\" content=\"en_US\" \/>\n<meta property=\"og:type\" content=\"article\" \/>\n<meta property=\"og:title\" content=\"Prensa - \u25cc Todo es Redondo \u25cc\" \/>\n<meta property=\"og:description\" content=\"Cinco artistas latinoamericanas que desaf\u00edan al patriarcado con su sangre menstrual. Publicado en Manifiesta Media (2021) AKA TODO ES REDONDO Publicado en Aka 000 (2021)\" \/>\n<meta property=\"og:url\" content=\"https:\/\/todoesredondo.es\/?page_id=271\" \/>\n<meta property=\"og:site_name\" content=\"\u25cc Todo es Redondo \u25cc\" \/>\n<meta property=\"article:modified_time\" content=\"2023-07-03T14:54:14+00:00\" \/>\n<meta property=\"og:image\" content=\"https:\/\/todoesredondo.es\/wp-content\/uploads\/2023\/07\/164143033_2602293356730273_8589008155997633702_n-1024x1024.jpg\" \/>\n<meta name=\"twitter:card\" content=\"summary_large_image\" \/>\n<meta name=\"twitter:label1\" content=\"Est. reading time\" \/>\n\t<meta name=\"twitter:data1\" content=\"1 minute\" \/>\n<script type=\"application\/ld+json\" class=\"yoast-schema-graph\">{\"@context\":\"https:\/\/schema.org\",\"@graph\":[{\"@type\":\"WebPage\",\"@id\":\"https:\/\/todoesredondo.es\/?page_id=271\",\"url\":\"https:\/\/todoesredondo.es\/?page_id=271\",\"name\":\"Prensa - \u25cc Todo es Redondo \u25cc\",\"isPartOf\":{\"@id\":\"https:\/\/todoesredondo.es\/#website\"},\"primaryImageOfPage\":{\"@id\":\"https:\/\/todoesredondo.es\/?page_id=271#primaryimage\"},\"image\":{\"@id\":\"https:\/\/todoesredondo.es\/?page_id=271#primaryimage\"},\"thumbnailUrl\":\"https:\/\/todoesredondo.es\/wp-content\/uploads\/2023\/07\/164143033_2602293356730273_8589008155997633702_n-1024x1024.jpg\",\"datePublished\":\"2023-07-02T22:00:12+00:00\",\"dateModified\":\"2023-07-03T14:54:14+00:00\",\"breadcrumb\":{\"@id\":\"https:\/\/todoesredondo.es\/?page_id=271#breadcrumb\"},\"inLanguage\":\"en-US\",\"potentialAction\":[{\"@type\":\"ReadAction\",\"target\":[\"https:\/\/todoesredondo.es\/?page_id=271\"]}]},{\"@type\":\"ImageObject\",\"inLanguage\":\"en-US\",\"@id\":\"https:\/\/todoesredondo.es\/?page_id=271#primaryimage\",\"url\":\"https:\/\/todoesredondo.es\/wp-content\/uploads\/2023\/07\/164143033_2602293356730273_8589008155997633702_n-1024x1024.jpg\",\"contentUrl\":\"https:\/\/todoesredondo.es\/wp-content\/uploads\/2023\/07\/164143033_2602293356730273_8589008155997633702_n-1024x1024.jpg\"},{\"@type\":\"BreadcrumbList\",\"@id\":\"https:\/\/todoesredondo.es\/?page_id=271#breadcrumb\",\"itemListElement\":[{\"@type\":\"ListItem\",\"position\":1,\"name\":\"Portada\",\"item\":\"https:\/\/todoesredondo.es\/\"},{\"@type\":\"ListItem\",\"position\":2,\"name\":\"Prensa\"}]},{\"@type\":\"WebSite\",\"@id\":\"https:\/\/todoesredondo.es\/#website\",\"url\":\"https:\/\/todoesredondo.es\/\",\"name\":\"\u25cc Todo es Redondo \u25cc\",\"description\":\"\",\"publisher\":{\"@id\":\"https:\/\/todoesredondo.es\/#\/schema\/person\/1576300a3ce607d928606560fb256fb5\"},\"potentialAction\":[{\"@type\":\"SearchAction\",\"target\":{\"@type\":\"EntryPoint\",\"urlTemplate\":\"https:\/\/todoesredondo.es\/?s={search_term_string}\"},\"query-input\":{\"@type\":\"PropertyValueSpecification\",\"valueRequired\":true,\"valueName\":\"search_term_string\"}}],\"inLanguage\":\"en-US\"},{\"@type\":[\"Person\",\"Organization\"],\"@id\":\"https:\/\/todoesredondo.es\/#\/schema\/person\/1576300a3ce607d928606560fb256fb5\",\"name\":\"todoesredondo.es\",\"image\":{\"@type\":\"ImageObject\",\"inLanguage\":\"en-US\",\"@id\":\"https:\/\/todoesredondo.es\/#\/schema\/person\/image\/\",\"url\":\"https:\/\/secure.gravatar.com\/avatar\/7122c156525b3d3a96c4cdb2245b7bf01b43a51c1dd28ab5d5e0e61450672b9f?s=96&d=mm&r=g\",\"contentUrl\":\"https:\/\/secure.gravatar.com\/avatar\/7122c156525b3d3a96c4cdb2245b7bf01b43a51c1dd28ab5d5e0e61450672b9f?s=96&d=mm&r=g\",\"caption\":\"todoesredondo.es\"},\"logo\":{\"@id\":\"https:\/\/todoesredondo.es\/#\/schema\/person\/image\/\"},\"sameAs\":[\"http:\/\/todoesredondo.es\",\"https:\/\/www.instagram.com\/_todoesredondo\/\"]}]}<\/script>\n<!-- \/ Yoast SEO plugin. -->","yoast_head_json":{"title":"Prensa - \u25cc Todo es Redondo \u25cc","robots":{"index":"index","follow":"follow","max-snippet":"max-snippet:-1","max-image-preview":"max-image-preview:large","max-video-preview":"max-video-preview:-1"},"canonical":"https:\/\/todoesredondo.es\/?page_id=271","og_locale":"en_US","og_type":"article","og_title":"Prensa - \u25cc Todo es Redondo \u25cc","og_description":"Cinco artistas latinoamericanas que desaf\u00edan al patriarcado con su sangre menstrual. Publicado en Manifiesta Media (2021) AKA TODO ES REDONDO Publicado en Aka 000 (2021)","og_url":"https:\/\/todoesredondo.es\/?page_id=271","og_site_name":"\u25cc Todo es Redondo \u25cc","article_modified_time":"2023-07-03T14:54:14+00:00","og_image":[{"url":"https:\/\/todoesredondo.es\/wp-content\/uploads\/2023\/07\/164143033_2602293356730273_8589008155997633702_n-1024x1024.jpg","type":"","width":"","height":""}],"twitter_card":"summary_large_image","twitter_misc":{"Est. reading time":"1 minute"},"schema":{"@context":"https:\/\/schema.org","@graph":[{"@type":"WebPage","@id":"https:\/\/todoesredondo.es\/?page_id=271","url":"https:\/\/todoesredondo.es\/?page_id=271","name":"Prensa - \u25cc Todo es Redondo \u25cc","isPartOf":{"@id":"https:\/\/todoesredondo.es\/#website"},"primaryImageOfPage":{"@id":"https:\/\/todoesredondo.es\/?page_id=271#primaryimage"},"image":{"@id":"https:\/\/todoesredondo.es\/?page_id=271#primaryimage"},"thumbnailUrl":"https:\/\/todoesredondo.es\/wp-content\/uploads\/2023\/07\/164143033_2602293356730273_8589008155997633702_n-1024x1024.jpg","datePublished":"2023-07-02T22:00:12+00:00","dateModified":"2023-07-03T14:54:14+00:00","breadcrumb":{"@id":"https:\/\/todoesredondo.es\/?page_id=271#breadcrumb"},"inLanguage":"en-US","potentialAction":[{"@type":"ReadAction","target":["https:\/\/todoesredondo.es\/?page_id=271"]}]},{"@type":"ImageObject","inLanguage":"en-US","@id":"https:\/\/todoesredondo.es\/?page_id=271#primaryimage","url":"https:\/\/todoesredondo.es\/wp-content\/uploads\/2023\/07\/164143033_2602293356730273_8589008155997633702_n-1024x1024.jpg","contentUrl":"https:\/\/todoesredondo.es\/wp-content\/uploads\/2023\/07\/164143033_2602293356730273_8589008155997633702_n-1024x1024.jpg"},{"@type":"BreadcrumbList","@id":"https:\/\/todoesredondo.es\/?page_id=271#breadcrumb","itemListElement":[{"@type":"ListItem","position":1,"name":"Portada","item":"https:\/\/todoesredondo.es\/"},{"@type":"ListItem","position":2,"name":"Prensa"}]},{"@type":"WebSite","@id":"https:\/\/todoesredondo.es\/#website","url":"https:\/\/todoesredondo.es\/","name":"\u25cc Todo es Redondo \u25cc","description":"","publisher":{"@id":"https:\/\/todoesredondo.es\/#\/schema\/person\/1576300a3ce607d928606560fb256fb5"},"potentialAction":[{"@type":"SearchAction","target":{"@type":"EntryPoint","urlTemplate":"https:\/\/todoesredondo.es\/?s={search_term_string}"},"query-input":{"@type":"PropertyValueSpecification","valueRequired":true,"valueName":"search_term_string"}}],"inLanguage":"en-US"},{"@type":["Person","Organization"],"@id":"https:\/\/todoesredondo.es\/#\/schema\/person\/1576300a3ce607d928606560fb256fb5","name":"todoesredondo.es","image":{"@type":"ImageObject","inLanguage":"en-US","@id":"https:\/\/todoesredondo.es\/#\/schema\/person\/image\/","url":"https:\/\/secure.gravatar.com\/avatar\/7122c156525b3d3a96c4cdb2245b7bf01b43a51c1dd28ab5d5e0e61450672b9f?s=96&d=mm&r=g","contentUrl":"https:\/\/secure.gravatar.com\/avatar\/7122c156525b3d3a96c4cdb2245b7bf01b43a51c1dd28ab5d5e0e61450672b9f?s=96&d=mm&r=g","caption":"todoesredondo.es"},"logo":{"@id":"https:\/\/todoesredondo.es\/#\/schema\/person\/image\/"},"sameAs":["http:\/\/todoesredondo.es","https:\/\/www.instagram.com\/_todoesredondo\/"]}]}},"_links":{"self":[{"href":"https:\/\/todoesredondo.es\/index.php?rest_route=\/wp\/v2\/pages\/271","targetHints":{"allow":["GET"]}}],"collection":[{"href":"https:\/\/todoesredondo.es\/index.php?rest_route=\/wp\/v2\/pages"}],"about":[{"href":"https:\/\/todoesredondo.es\/index.php?rest_route=\/wp\/v2\/types\/page"}],"author":[{"embeddable":true,"href":"https:\/\/todoesredondo.es\/index.php?rest_route=\/wp\/v2\/users\/1"}],"replies":[{"embeddable":true,"href":"https:\/\/todoesredondo.es\/index.php?rest_route=%2Fwp%2Fv2%2Fcomments&post=271"}],"version-history":[{"count":0,"href":"https:\/\/todoesredondo.es\/index.php?rest_route=\/wp\/v2\/pages\/271\/revisions"}],"wp:attachment":[{"href":"https:\/\/todoesredondo.es\/index.php?rest_route=%2Fwp%2Fv2%2Fmedia&parent=271"}],"curies":[{"name":"wp","href":"https:\/\/api.w.org\/{rel}","templated":true}]}}