{"id":285,"date":"2023-07-03T15:23:30","date_gmt":"2023-07-03T15:23:30","guid":{"rendered":"https:\/\/todoesredondo.es\/?page_id=285"},"modified":"2023-07-03T15:26:11","modified_gmt":"2023-07-03T15:26:11","slug":"fortuna","status":"publish","type":"page","link":"https:\/\/todoesredondo.es\/?page_id=285","title":{"rendered":"Fortuna"},"content":{"rendered":"\n<div style=\"height:100px\" aria-hidden=\"true\" class=\"wp-block-spacer\"><\/div>\n\n\n\n<p class=\"has-small-font-size\">Fortuna fue una exposici\u00f3n donde se invitaron a 22 artistas a hacer su propia interpretaci\u00f3n de los 22 Arcanos mayores del Tarot. Cur\u00e9 y gestion\u00e9 esta muestra junto al colectivo Lanavaja en el a\u00f1o 2018.<\/p>\n\n\n\n<div style=\"height:100px\" aria-hidden=\"true\" class=\"wp-block-spacer\"><\/div>\n\n\n\n<div class=\"wp-block-columns is-layout-flex wp-container-core-columns-is-layout-28f84493 wp-block-columns-is-layout-flex\">\n<div class=\"wp-block-column is-layout-flow wp-block-column-is-layout-flow\" style=\"flex-basis:25%\">\n<figure class=\"wp-block-image size-large wp-duotone-cf2e2e-ffffff-1\"><img fetchpriority=\"high\" decoding=\"async\" width=\"576\" height=\"1024\" src=\"https:\/\/todoesredondo.es\/wp-content\/uploads\/2023\/07\/P1320373-576x1024.jpg\" alt=\"\" class=\"wp-image-296\" srcset=\"https:\/\/todoesredondo.es\/wp-content\/uploads\/2023\/07\/P1320373-576x1024.jpg 576w, https:\/\/todoesredondo.es\/wp-content\/uploads\/2023\/07\/P1320373-169x300.jpg 169w, https:\/\/todoesredondo.es\/wp-content\/uploads\/2023\/07\/P1320373-768x1365.jpg 768w, https:\/\/todoesredondo.es\/wp-content\/uploads\/2023\/07\/P1320373-864x1536.jpg 864w\" sizes=\"(max-width: 576px) 100vw, 576px\" \/><\/figure>\n\n\n\n<figure class=\"wp-block-image size-large wp-duotone-cf2e2e-ffffff-2\"><img decoding=\"async\" width=\"576\" height=\"1024\" src=\"https:\/\/todoesredondo.es\/wp-content\/uploads\/2023\/07\/P1320245-576x1024.jpg\" alt=\"\" class=\"wp-image-301\" srcset=\"https:\/\/todoesredondo.es\/wp-content\/uploads\/2023\/07\/P1320245-576x1024.jpg 576w, https:\/\/todoesredondo.es\/wp-content\/uploads\/2023\/07\/P1320245-169x300.jpg 169w, https:\/\/todoesredondo.es\/wp-content\/uploads\/2023\/07\/P1320245-768x1365.jpg 768w, https:\/\/todoesredondo.es\/wp-content\/uploads\/2023\/07\/P1320245-864x1536.jpg 864w\" sizes=\"(max-width: 576px) 100vw, 576px\" \/><\/figure>\n<\/div>\n\n\n\n<div class=\"wp-block-column is-layout-flow wp-block-column-is-layout-flow\" style=\"flex-basis:50%\">\n<figure class=\"wp-block-image size-large wp-duotone-cf2e2e-ffffff-3\"><img decoding=\"async\" width=\"1024\" height=\"576\" src=\"https:\/\/todoesredondo.es\/wp-content\/uploads\/2023\/07\/P1320268-1024x576.jpg\" alt=\"\" class=\"wp-image-297\" srcset=\"https:\/\/todoesredondo.es\/wp-content\/uploads\/2023\/07\/P1320268-1024x576.jpg 1024w, https:\/\/todoesredondo.es\/wp-content\/uploads\/2023\/07\/P1320268-300x169.jpg 300w, https:\/\/todoesredondo.es\/wp-content\/uploads\/2023\/07\/P1320268-768x432.jpg 768w, https:\/\/todoesredondo.es\/wp-content\/uploads\/2023\/07\/P1320268-1536x864.jpg 1536w, https:\/\/todoesredondo.es\/wp-content\/uploads\/2023\/07\/P1320268.jpg 1920w\" sizes=\"(max-width: 1024px) 100vw, 1024px\" \/><\/figure>\n\n\n\n<figure class=\"wp-block-image size-large wp-duotone-cf2e2e-ffffff-4\"><img loading=\"lazy\" decoding=\"async\" width=\"1024\" height=\"576\" src=\"https:\/\/todoesredondo.es\/wp-content\/uploads\/2023\/07\/P1320437-1024x576.jpg\" alt=\"\" class=\"wp-image-300\" srcset=\"https:\/\/todoesredondo.es\/wp-content\/uploads\/2023\/07\/P1320437-1024x576.jpg 1024w, https:\/\/todoesredondo.es\/wp-content\/uploads\/2023\/07\/P1320437-300x169.jpg 300w, https:\/\/todoesredondo.es\/wp-content\/uploads\/2023\/07\/P1320437-768x432.jpg 768w, https:\/\/todoesredondo.es\/wp-content\/uploads\/2023\/07\/P1320437-1536x864.jpg 1536w, https:\/\/todoesredondo.es\/wp-content\/uploads\/2023\/07\/P1320437.jpg 1920w\" sizes=\"(max-width: 1024px) 100vw, 1024px\" \/><\/figure>\n\n\n\n<figure class=\"wp-block-image size-large wp-duotone-cf2e2e-ffffff-5\"><img loading=\"lazy\" decoding=\"async\" width=\"1024\" height=\"576\" src=\"https:\/\/todoesredondo.es\/wp-content\/uploads\/2023\/07\/P1320278-1024x576.jpg\" alt=\"\" class=\"wp-image-302\" srcset=\"https:\/\/todoesredondo.es\/wp-content\/uploads\/2023\/07\/P1320278-1024x576.jpg 1024w, https:\/\/todoesredondo.es\/wp-content\/uploads\/2023\/07\/P1320278-300x169.jpg 300w, https:\/\/todoesredondo.es\/wp-content\/uploads\/2023\/07\/P1320278-768x432.jpg 768w, https:\/\/todoesredondo.es\/wp-content\/uploads\/2023\/07\/P1320278-1536x864.jpg 1536w, https:\/\/todoesredondo.es\/wp-content\/uploads\/2023\/07\/P1320278.jpg 1920w\" sizes=\"(max-width: 1024px) 100vw, 1024px\" \/><\/figure>\n<\/div>\n\n\n\n<div class=\"wp-block-column is-layout-flow wp-block-column-is-layout-flow\" style=\"flex-basis:25%\">\n<figure class=\"wp-block-image size-large wp-duotone-cf2e2e-ffffff-6\"><img loading=\"lazy\" decoding=\"async\" width=\"576\" height=\"1024\" src=\"https:\/\/todoesredondo.es\/wp-content\/uploads\/2023\/07\/P1320323-576x1024.jpg\" alt=\"\" class=\"wp-image-298\" srcset=\"https:\/\/todoesredondo.es\/wp-content\/uploads\/2023\/07\/P1320323-576x1024.jpg 576w, https:\/\/todoesredondo.es\/wp-content\/uploads\/2023\/07\/P1320323-169x300.jpg 169w, https:\/\/todoesredondo.es\/wp-content\/uploads\/2023\/07\/P1320323-768x1365.jpg 768w, https:\/\/todoesredondo.es\/wp-content\/uploads\/2023\/07\/P1320323-864x1536.jpg 864w\" sizes=\"(max-width: 576px) 100vw, 576px\" \/><\/figure>\n\n\n\n<figure class=\"wp-block-image size-large wp-duotone-cf2e2e-ffffff-7\"><img loading=\"lazy\" decoding=\"async\" width=\"576\" height=\"1024\" src=\"https:\/\/todoesredondo.es\/wp-content\/uploads\/2023\/07\/P1320354-576x1024.jpg\" alt=\"\" class=\"wp-image-299\" srcset=\"https:\/\/todoesredondo.es\/wp-content\/uploads\/2023\/07\/P1320354-576x1024.jpg 576w, https:\/\/todoesredondo.es\/wp-content\/uploads\/2023\/07\/P1320354-169x300.jpg 169w, https:\/\/todoesredondo.es\/wp-content\/uploads\/2023\/07\/P1320354-768x1365.jpg 768w, https:\/\/todoesredondo.es\/wp-content\/uploads\/2023\/07\/P1320354-864x1536.jpg 864w\" sizes=\"(max-width: 576px) 100vw, 576px\" \/><\/figure>\n<\/div>\n<\/div>\n\n\n\n<hr class=\"wp-block-separator has-alpha-channel-opacity\"\/>\n\n\n\n<figure class=\"wp-block-gallery has-nested-images columns-default is-cropped wp-block-gallery-8 is-layout-flex wp-block-gallery-is-layout-flex\">\n<figure class=\"wp-block-image size-large\"><img loading=\"lazy\" decoding=\"async\" width=\"656\" height=\"1024\" data-id=\"288\" src=\"https:\/\/todoesredondo.es\/wp-content\/uploads\/2023\/07\/IMG_20190328_0001-656x1024.jpg\" alt=\"\" class=\"wp-image-288\" srcset=\"https:\/\/todoesredondo.es\/wp-content\/uploads\/2023\/07\/IMG_20190328_0001-656x1024.jpg 656w, https:\/\/todoesredondo.es\/wp-content\/uploads\/2023\/07\/IMG_20190328_0001-192x300.jpg 192w, https:\/\/todoesredondo.es\/wp-content\/uploads\/2023\/07\/IMG_20190328_0001-768x1199.jpg 768w, https:\/\/todoesredondo.es\/wp-content\/uploads\/2023\/07\/IMG_20190328_0001-984x1536.jpg 984w, https:\/\/todoesredondo.es\/wp-content\/uploads\/2023\/07\/IMG_20190328_0001-1312x2048.jpg 1312w, https:\/\/todoesredondo.es\/wp-content\/uploads\/2023\/07\/IMG_20190328_0001-scaled.jpg 1640w\" sizes=\"(max-width: 656px) 100vw, 656px\" \/><\/figure>\n\n\n\n<figure class=\"wp-block-image size-large\"><img loading=\"lazy\" decoding=\"async\" width=\"661\" height=\"1024\" data-id=\"286\" src=\"https:\/\/todoesredondo.es\/wp-content\/uploads\/2023\/07\/IMG_20190328_0001-2-661x1024.jpg\" alt=\"\" class=\"wp-image-286\" srcset=\"https:\/\/todoesredondo.es\/wp-content\/uploads\/2023\/07\/IMG_20190328_0001-2-661x1024.jpg 661w, https:\/\/todoesredondo.es\/wp-content\/uploads\/2023\/07\/IMG_20190328_0001-2-194x300.jpg 194w, https:\/\/todoesredondo.es\/wp-content\/uploads\/2023\/07\/IMG_20190328_0001-2-768x1190.jpg 768w, https:\/\/todoesredondo.es\/wp-content\/uploads\/2023\/07\/IMG_20190328_0001-2-991x1536.jpg 991w, https:\/\/todoesredondo.es\/wp-content\/uploads\/2023\/07\/IMG_20190328_0001-2-1322x2048.jpg 1322w, https:\/\/todoesredondo.es\/wp-content\/uploads\/2023\/07\/IMG_20190328_0001-2-scaled.jpg 1652w\" sizes=\"(max-width: 661px) 100vw, 661px\" \/><\/figure>\n<\/figure>\n\n\n\n<div class=\"wp-block-columns is-layout-flex wp-container-core-columns-is-layout-28f84493 wp-block-columns-is-layout-flex\">\n<div class=\"wp-block-column is-layout-flow wp-block-column-is-layout-flow\">\n<figure class=\"wp-block-image size-large\"><img loading=\"lazy\" decoding=\"async\" width=\"1024\" height=\"782\" src=\"https:\/\/todoesredondo.es\/wp-content\/uploads\/2023\/07\/IMG_20190328_0001-3-1-1024x782.jpg\" alt=\"\" class=\"wp-image-292\" srcset=\"https:\/\/todoesredondo.es\/wp-content\/uploads\/2023\/07\/IMG_20190328_0001-3-1-1024x782.jpg 1024w, https:\/\/todoesredondo.es\/wp-content\/uploads\/2023\/07\/IMG_20190328_0001-3-1-300x229.jpg 300w, https:\/\/todoesredondo.es\/wp-content\/uploads\/2023\/07\/IMG_20190328_0001-3-1-768x587.jpg 768w, https:\/\/todoesredondo.es\/wp-content\/uploads\/2023\/07\/IMG_20190328_0001-3-1-1536x1173.jpg 1536w, https:\/\/todoesredondo.es\/wp-content\/uploads\/2023\/07\/IMG_20190328_0001-3-1-2048x1565.jpg 2048w\" sizes=\"(max-width: 1024px) 100vw, 1024px\" \/><\/figure>\n\n\n\n<div class=\"wp-block-columns is-layout-flex wp-container-core-columns-is-layout-28f84493 wp-block-columns-is-layout-flex\">\n<div class=\"wp-block-column is-layout-flow wp-block-column-is-layout-flow\">\n<figure class=\"wp-block-image size-large\"><img loading=\"lazy\" decoding=\"async\" width=\"1024\" height=\"785\" src=\"https:\/\/todoesredondo.es\/wp-content\/uploads\/2023\/07\/IMG_20190328_0001-4-2-1024x785.jpg\" alt=\"\" class=\"wp-image-295\" srcset=\"https:\/\/todoesredondo.es\/wp-content\/uploads\/2023\/07\/IMG_20190328_0001-4-2-1024x785.jpg 1024w, https:\/\/todoesredondo.es\/wp-content\/uploads\/2023\/07\/IMG_20190328_0001-4-2-300x230.jpg 300w, https:\/\/todoesredondo.es\/wp-content\/uploads\/2023\/07\/IMG_20190328_0001-4-2-768x589.jpg 768w, https:\/\/todoesredondo.es\/wp-content\/uploads\/2023\/07\/IMG_20190328_0001-4-2-1536x1178.jpg 1536w, https:\/\/todoesredondo.es\/wp-content\/uploads\/2023\/07\/IMG_20190328_0001-4-2-2048x1570.jpg 2048w\" sizes=\"(max-width: 1024px) 100vw, 1024px\" \/><\/figure>\n<\/div>\n\n\n\n<div class=\"wp-block-column is-layout-flow wp-block-column-is-layout-flow\">\n<figure class=\"wp-block-image size-large\"><img loading=\"lazy\" decoding=\"async\" width=\"1024\" height=\"782\" src=\"https:\/\/todoesredondo.es\/wp-content\/uploads\/2023\/07\/IMG_20190328_0001-5-2-1024x782.jpg\" alt=\"\" class=\"wp-image-294\" srcset=\"https:\/\/todoesredondo.es\/wp-content\/uploads\/2023\/07\/IMG_20190328_0001-5-2-1024x782.jpg 1024w, https:\/\/todoesredondo.es\/wp-content\/uploads\/2023\/07\/IMG_20190328_0001-5-2-300x229.jpg 300w, https:\/\/todoesredondo.es\/wp-content\/uploads\/2023\/07\/IMG_20190328_0001-5-2-768x586.jpg 768w, https:\/\/todoesredondo.es\/wp-content\/uploads\/2023\/07\/IMG_20190328_0001-5-2-1536x1173.jpg 1536w, https:\/\/todoesredondo.es\/wp-content\/uploads\/2023\/07\/IMG_20190328_0001-5-2-2048x1563.jpg 2048w\" sizes=\"(max-width: 1024px) 100vw, 1024px\" \/><\/figure>\n\n\n\n<p><\/p>\n<\/div>\n<\/div>\n<\/div>\n<\/div>\n","protected":false},"excerpt":{"rendered":"<p>Fortuna fue una exposici\u00f3n donde se invitaron a 22 artistas a hacer su propia interpretaci\u00f3n de los 22 Arcanos mayores del Tarot. Cur\u00e9 y gestion\u00e9 esta muestra junto al colectivo Lanavaja en el a\u00f1o 2018.<\/p>\n","protected":false},"author":1,"featured_media":0,"parent":69,"menu_order":10,"comment_status":"closed","ping_status":"closed","template":"","meta":{"footnotes":""},"class_list":["post-285","page","type-page","status-publish","hentry"],"yoast_head":"<!-- This site is optimized with the Yoast SEO plugin v26.5 - https:\/\/yoast.com\/wordpress\/plugins\/seo\/ -->\n<title>Fortuna - \u25cc Todo es Redondo \u25cc<\/title>\n<meta name=\"robots\" content=\"index, follow, max-snippet:-1, max-image-preview:large, max-video-preview:-1\" \/>\n<link rel=\"canonical\" href=\"https:\/\/todoesredondo.es\/?page_id=285\" \/>\n<meta property=\"og:locale\" content=\"en_US\" \/>\n<meta property=\"og:type\" content=\"article\" \/>\n<meta property=\"og:title\" content=\"Fortuna - \u25cc Todo es Redondo \u25cc\" \/>\n<meta property=\"og:description\" content=\"Fortuna fue una exposici\u00f3n donde se invitaron a 22 artistas a hacer su propia interpretaci\u00f3n de los 22 Arcanos mayores del Tarot. Cur\u00e9 y gestion\u00e9 esta muestra junto al colectivo Lanavaja en el a\u00f1o 2018.\" \/>\n<meta property=\"og:url\" content=\"https:\/\/todoesredondo.es\/?page_id=285\" \/>\n<meta property=\"og:site_name\" content=\"\u25cc Todo es Redondo \u25cc\" \/>\n<meta property=\"article:modified_time\" content=\"2023-07-03T15:26:11+00:00\" \/>\n<meta property=\"og:image\" content=\"https:\/\/todoesredondo.es\/wp-content\/uploads\/2023\/07\/P1320373-576x1024.jpg\" \/>\n<meta name=\"twitter:card\" content=\"summary_large_image\" \/>\n<meta name=\"twitter:label1\" content=\"Est. reading time\" \/>\n\t<meta name=\"twitter:data1\" content=\"3 minutes\" \/>\n<script type=\"application\/ld+json\" class=\"yoast-schema-graph\">{\"@context\":\"https:\/\/schema.org\",\"@graph\":[{\"@type\":\"WebPage\",\"@id\":\"https:\/\/todoesredondo.es\/?page_id=285\",\"url\":\"https:\/\/todoesredondo.es\/?page_id=285\",\"name\":\"Fortuna - \u25cc Todo es Redondo \u25cc\",\"isPartOf\":{\"@id\":\"https:\/\/todoesredondo.es\/#website\"},\"primaryImageOfPage\":{\"@id\":\"https:\/\/todoesredondo.es\/?page_id=285#primaryimage\"},\"image\":{\"@id\":\"https:\/\/todoesredondo.es\/?page_id=285#primaryimage\"},\"thumbnailUrl\":\"https:\/\/todoesredondo.es\/wp-content\/uploads\/2023\/07\/P1320373-576x1024.jpg\",\"datePublished\":\"2023-07-03T15:23:30+00:00\",\"dateModified\":\"2023-07-03T15:26:11+00:00\",\"breadcrumb\":{\"@id\":\"https:\/\/todoesredondo.es\/?page_id=285#breadcrumb\"},\"inLanguage\":\"en-US\",\"potentialAction\":[{\"@type\":\"ReadAction\",\"target\":[\"https:\/\/todoesredondo.es\/?page_id=285\"]}]},{\"@type\":\"ImageObject\",\"inLanguage\":\"en-US\",\"@id\":\"https:\/\/todoesredondo.es\/?page_id=285#primaryimage\",\"url\":\"https:\/\/todoesredondo.es\/wp-content\/uploads\/2023\/07\/P1320373-576x1024.jpg\",\"contentUrl\":\"https:\/\/todoesredondo.es\/wp-content\/uploads\/2023\/07\/P1320373-576x1024.jpg\"},{\"@type\":\"BreadcrumbList\",\"@id\":\"https:\/\/todoesredondo.es\/?page_id=285#breadcrumb\",\"itemListElement\":[{\"@type\":\"ListItem\",\"position\":1,\"name\":\"Portada\",\"item\":\"https:\/\/todoesredondo.es\/\"},{\"@type\":\"ListItem\",\"position\":2,\"name\":\"Proyectos\",\"item\":\"https:\/\/todoesredondo.es\/?page_id=69\"},{\"@type\":\"ListItem\",\"position\":3,\"name\":\"Fortuna\"}]},{\"@type\":\"WebSite\",\"@id\":\"https:\/\/todoesredondo.es\/#website\",\"url\":\"https:\/\/todoesredondo.es\/\",\"name\":\"\u25cc Todo es Redondo \u25cc\",\"description\":\"\",\"publisher\":{\"@id\":\"https:\/\/todoesredondo.es\/#\/schema\/person\/1576300a3ce607d928606560fb256fb5\"},\"potentialAction\":[{\"@type\":\"SearchAction\",\"target\":{\"@type\":\"EntryPoint\",\"urlTemplate\":\"https:\/\/todoesredondo.es\/?s={search_term_string}\"},\"query-input\":{\"@type\":\"PropertyValueSpecification\",\"valueRequired\":true,\"valueName\":\"search_term_string\"}}],\"inLanguage\":\"en-US\"},{\"@type\":[\"Person\",\"Organization\"],\"@id\":\"https:\/\/todoesredondo.es\/#\/schema\/person\/1576300a3ce607d928606560fb256fb5\",\"name\":\"todoesredondo.es\",\"image\":{\"@type\":\"ImageObject\",\"inLanguage\":\"en-US\",\"@id\":\"https:\/\/todoesredondo.es\/#\/schema\/person\/image\/\",\"url\":\"https:\/\/secure.gravatar.com\/avatar\/7122c156525b3d3a96c4cdb2245b7bf01b43a51c1dd28ab5d5e0e61450672b9f?s=96&d=mm&r=g\",\"contentUrl\":\"https:\/\/secure.gravatar.com\/avatar\/7122c156525b3d3a96c4cdb2245b7bf01b43a51c1dd28ab5d5e0e61450672b9f?s=96&d=mm&r=g\",\"caption\":\"todoesredondo.es\"},\"logo\":{\"@id\":\"https:\/\/todoesredondo.es\/#\/schema\/person\/image\/\"},\"sameAs\":[\"http:\/\/todoesredondo.es\",\"https:\/\/www.instagram.com\/_todoesredondo\/\"]}]}<\/script>\n<!-- \/ Yoast SEO plugin. -->","yoast_head_json":{"title":"Fortuna - \u25cc Todo es Redondo \u25cc","robots":{"index":"index","follow":"follow","max-snippet":"max-snippet:-1","max-image-preview":"max-image-preview:large","max-video-preview":"max-video-preview:-1"},"canonical":"https:\/\/todoesredondo.es\/?page_id=285","og_locale":"en_US","og_type":"article","og_title":"Fortuna - \u25cc Todo es Redondo \u25cc","og_description":"Fortuna fue una exposici\u00f3n donde se invitaron a 22 artistas a hacer su propia interpretaci\u00f3n de los 22 Arcanos mayores del Tarot. Cur\u00e9 y gestion\u00e9 esta muestra junto al colectivo Lanavaja en el a\u00f1o 2018.","og_url":"https:\/\/todoesredondo.es\/?page_id=285","og_site_name":"\u25cc Todo es Redondo \u25cc","article_modified_time":"2023-07-03T15:26:11+00:00","og_image":[{"url":"https:\/\/todoesredondo.es\/wp-content\/uploads\/2023\/07\/P1320373-576x1024.jpg","type":"","width":"","height":""}],"twitter_card":"summary_large_image","twitter_misc":{"Est. reading time":"3 minutes"},"schema":{"@context":"https:\/\/schema.org","@graph":[{"@type":"WebPage","@id":"https:\/\/todoesredondo.es\/?page_id=285","url":"https:\/\/todoesredondo.es\/?page_id=285","name":"Fortuna - \u25cc Todo es Redondo \u25cc","isPartOf":{"@id":"https:\/\/todoesredondo.es\/#website"},"primaryImageOfPage":{"@id":"https:\/\/todoesredondo.es\/?page_id=285#primaryimage"},"image":{"@id":"https:\/\/todoesredondo.es\/?page_id=285#primaryimage"},"thumbnailUrl":"https:\/\/todoesredondo.es\/wp-content\/uploads\/2023\/07\/P1320373-576x1024.jpg","datePublished":"2023-07-03T15:23:30+00:00","dateModified":"2023-07-03T15:26:11+00:00","breadcrumb":{"@id":"https:\/\/todoesredondo.es\/?page_id=285#breadcrumb"},"inLanguage":"en-US","potentialAction":[{"@type":"ReadAction","target":["https:\/\/todoesredondo.es\/?page_id=285"]}]},{"@type":"ImageObject","inLanguage":"en-US","@id":"https:\/\/todoesredondo.es\/?page_id=285#primaryimage","url":"https:\/\/todoesredondo.es\/wp-content\/uploads\/2023\/07\/P1320373-576x1024.jpg","contentUrl":"https:\/\/todoesredondo.es\/wp-content\/uploads\/2023\/07\/P1320373-576x1024.jpg"},{"@type":"BreadcrumbList","@id":"https:\/\/todoesredondo.es\/?page_id=285#breadcrumb","itemListElement":[{"@type":"ListItem","position":1,"name":"Portada","item":"https:\/\/todoesredondo.es\/"},{"@type":"ListItem","position":2,"name":"Proyectos","item":"https:\/\/todoesredondo.es\/?page_id=69"},{"@type":"ListItem","position":3,"name":"Fortuna"}]},{"@type":"WebSite","@id":"https:\/\/todoesredondo.es\/#website","url":"https:\/\/todoesredondo.es\/","name":"\u25cc Todo es Redondo \u25cc","description":"","publisher":{"@id":"https:\/\/todoesredondo.es\/#\/schema\/person\/1576300a3ce607d928606560fb256fb5"},"potentialAction":[{"@type":"SearchAction","target":{"@type":"EntryPoint","urlTemplate":"https:\/\/todoesredondo.es\/?s={search_term_string}"},"query-input":{"@type":"PropertyValueSpecification","valueRequired":true,"valueName":"search_term_string"}}],"inLanguage":"en-US"},{"@type":["Person","Organization"],"@id":"https:\/\/todoesredondo.es\/#\/schema\/person\/1576300a3ce607d928606560fb256fb5","name":"todoesredondo.es","image":{"@type":"ImageObject","inLanguage":"en-US","@id":"https:\/\/todoesredondo.es\/#\/schema\/person\/image\/","url":"https:\/\/secure.gravatar.com\/avatar\/7122c156525b3d3a96c4cdb2245b7bf01b43a51c1dd28ab5d5e0e61450672b9f?s=96&d=mm&r=g","contentUrl":"https:\/\/secure.gravatar.com\/avatar\/7122c156525b3d3a96c4cdb2245b7bf01b43a51c1dd28ab5d5e0e61450672b9f?s=96&d=mm&r=g","caption":"todoesredondo.es"},"logo":{"@id":"https:\/\/todoesredondo.es\/#\/schema\/person\/image\/"},"sameAs":["http:\/\/todoesredondo.es","https:\/\/www.instagram.com\/_todoesredondo\/"]}]}},"_links":{"self":[{"href":"https:\/\/todoesredondo.es\/index.php?rest_route=\/wp\/v2\/pages\/285","targetHints":{"allow":["GET"]}}],"collection":[{"href":"https:\/\/todoesredondo.es\/index.php?rest_route=\/wp\/v2\/pages"}],"about":[{"href":"https:\/\/todoesredondo.es\/index.php?rest_route=\/wp\/v2\/types\/page"}],"author":[{"embeddable":true,"href":"https:\/\/todoesredondo.es\/index.php?rest_route=\/wp\/v2\/users\/1"}],"replies":[{"embeddable":true,"href":"https:\/\/todoesredondo.es\/index.php?rest_route=%2Fwp%2Fv2%2Fcomments&post=285"}],"version-history":[{"count":0,"href":"https:\/\/todoesredondo.es\/index.php?rest_route=\/wp\/v2\/pages\/285\/revisions"}],"up":[{"embeddable":true,"href":"https:\/\/todoesredondo.es\/index.php?rest_route=\/wp\/v2\/pages\/69"}],"wp:attachment":[{"href":"https:\/\/todoesredondo.es\/index.php?rest_route=%2Fwp%2Fv2%2Fmedia&parent=285"}],"curies":[{"name":"wp","href":"https:\/\/api.w.org\/{rel}","templated":true}]}}